ons digit of 2555740075?
5
What is the tens digit of 9660718?
1
What is the tens digit of 220342705?
0
What is the hundred thousands digit of 4632178476?
1
What is the hundred thousands digit of 681143967?
1
What is the ten thousands digit of 499502289?
0
What is the hundred thousands digit of 5481780695?
7
What is the thousands digit of 124537925?
7
What is the units digit of 522334877?
7
What is the hundreds digit of 116760134?
1
What is the hundred thousands digit of 133143?
1
What is the hundreds digit of 3617212844?
8
What is the tens digit of 597829202?
0
What is the units digit of 1553615687?
7
What is the hundred thousands digit of 97502560?
5
What is the ten thousands digit of 815022123?
2
What is the units digit of 1284274086?
6
What is the ten millions digit of 531899116?
3
What is the units digit of 213254518?
8
What is the ten millions digit of 68293797?
6
What is the ten thousands digit of 44384236?
8
What is the millions digit of 479032497?
9
What is the hundred thousands digit of 1617312841?
3
What is the millions digit of 129503118?
9
What is the ten millions digit of 108622446?
0
What is the hundreds digit of 18982496?
4
What is the ten thousands digit of 28466214?
6
What is the ten thousands digit of 88175645?
7
What is the hundreds digit of 7134301?
3
What is the ten thousands digit of 24755820?
5
What is the thousands digit of 6041570106?
0
What is the millions digit of 456144640?
6
What is the billions digit of 1128833479?
1
What is the hundred thousands digit of 543792547?
7
What is the thousands digit of 20611270?
1
What is the hundreds digit of 12467954?
9
What is the units digit of 44851319?
9
What is the thousands digit of 28284413?
4
What is the ten millions digit of 219572078?
1
What is the thousands digit of 18482060?
2
What is the hundreds digit of 96265868?
8
What is the ten thousands digit of 703473495?
7
What is the units digit of 234618665?
5
What is the hundred thousands digit of 3169358831?
3
What is the millions digit of 2372749348?
2
What is the billions digit of 1528137541?
1
What is the units digit of 126767676?
6
What is the billions digit of 1003110554?
1
What is the hundred thousands digit of 1843410341?
4
What is the millions digit of 638196630?
8
What is the millions digit of 33395905?
3
What is the billions digit of 1343524156?
1
What is the ten thousands digit of 32967705?
6
What is the tens digit of 21187732?
3
What is the ten millions digit of 2440031533?
4
What is the units digit of 80069656?
6
What is the millions digit of 67679716?
7
What is the thousands digit of 816591219?
1
What is the ten millions digit of 89853257?
8
What is the units digit of 2670919376?
6
What is the ten millions digit of 996207535?
9
What is the ten thousands digit of 169560025?
6
What is the billions digit of 1141795223?
1
What is the millions digit of 138329567?
8
What is the ten millions digit of 32812869?
3
What is the units digit of 101452362?
2
What is the hundred thousands digit of 112703379?
7
What is the hundreds digit of 52435578?
5
What is the units digit of 490403722?
2
What is the hundred thousands digit of 439739748?
7
What is the hundred thousands digit of 78619524?
6
What is the units digit of 61765583?
3
What is the tens digit of 71578677?
7
What is the hundred thousands digit of 55391595?
3
What is the units digit of 74863670?
0
What is the billions digit of 3344458242?
3
What is the tens digit of 146195383?
8
What is the millions digit of 1922152642?
2
What is the ten thousands digit of 246091311?
9
What is the units digit of 661950654?
4
What is the hundred thousands digit of 1373148989?
1
What is the units digit of 375577175?
5
What is the ten millions digit of 2029064439?
2
What is the hundred millions digit of 1193488690?
1
What is the millions digit of 41752385?
1
What is the ten thousands digit of 193620200?
2
What is the ten thousands digit of 65432299?
3
What is the ten thousands digit of 46345007?
4
What is the ten millions digit of 3849884507?
4
What is the thousands digit of 5043998016?
8
What is the hundred thousands digit of 616342290?
3
What is the millions digit of 23732001?
3
What is the hundreds digit of 141151518?
5
What is the hundreds digit of 147682837?
8
What is the hundred thousands digit of 260176658?
1
What is the thousands digit of 4891878262?
8
What is the thousands digit of 39432354?
2
What is the ten millions digit of 3980492538?
8
What is the ten millions digit of 226793022?
2
What is the millions digit of 364250271?
4
What is the hundred millions digit of 735991436?
7
What is the millions digit of 1689742910?
9
What is the ten thousands digit of 333185311?
8
What is the millions digit of 534569177?
4
What is the hundred thousands digit of 2123821833?
8
What is the hundred thousands digit of 819482919?
4
What is the thousands digit of 107274079?
4
What is the hundreds digit of 531735831?
8
What is the hundred thousands digit of 98791508?
7
What is the hundreds digit of 2455561839?
8
What is the billions digit of 1834640516?
1
What is the millions digit of 61166795?
1
What is the thousands digit of 886188024?
8
What is the millions digit of 43299541?
3
What is the hundred millions digit of 8238898547?
2
What is the hundred thousands digit of 371639776?
6
What is the hundreds digit of 147062?
0
What is the hundreds digit of 132327146?
1
What is the tens digit of 430555788?
8
What is the hundreds digit of 754544583?
5
What is the ten thousands digit of 644514602?
1
What is the units digit of 4908306?
6
What is the units digit of 44402448?
8
What is the hundred millions digit of 615725133?
6
What is the hundred thousands digit of 9615339?
6
What is the thousands digit of 602691225?
1
What is the hundred thousands digit of 46954997?
9
What is the thousands digit of 1676393197?
3
What is the thousands digit of 4509093225?
3
What is the ten millions digit of 4735085820?
3
What is the thousands digit of 288391654?
1
What is the millions digit of 1181719284?
1
What is the billions digit of 1313090530?
1
What is the thousands digit of 13277430?
7
What is the hundred millions digit of 636766391?
6
What is the hundred millions digit of 940464810?
9
What is the thousands digit of 42092623?
2
What is the hundred millions digit of 149918733?
1
What is the hundreds digit of 64520983?
9
What is the ten thousands digit of 49914863?
1
What is the hundreds digit of 833138360?
3
What is the thousands digit of 3972480956?
0
What is the millions digit of 2283077268?
3
What is the ten thousands digit of 318086940?
8
What is the hundred thousands digit of 889128139?
1
What is the millions digit of 531762640?
1
What is the hundreds digit of 252059666?
6
What is the millions digit of 221675179?
1
What is the hundred millions digit of 1753713449?
7
What is the thousands digit of 2613300246?
0
What is the ten millions digit of 1776542256?
7
What is the thousands digit of 28834987?
4
What is the hundreds digit of 101580598?
5
What is the ten thousands digit of 321453965?
5
What is the hundred thousands digit of 3583260506?
2
What is the hundreds digit of 144467626?
6
What is the tens digit of 1465632495?
9
What is the hundreds digit of 6436070580?
5
What is the hundreds digit of 54869713?
7
What is the millions digit of 179153506?
9
What is the hundred thousands digit of 540299053?
2
What is the hundred thousands digit of 2204661605?
6
What is the hundreds digit of 15685429?
4
What is the units digit of 62382561?
1
What is the millions digit of 82991316?
2
What is the hundreds digit of 104707405?
4
What is the thousands digit of 66195587?
5
What is the hundred thousands digit of 689850373?
8
What is the hundred thousands digit of 3189301366?
3
What is the hundred millions digit of 371456213?
3
What is the hundreds digit of 1470115424?
4
What is the hundred millions digit of 122821933?
1
What is the tens digit of 1487968926?
2
What is the units digit of 1133035756?
6
What is the hundred millions digit of 387122807?
3
What is the ten millions digit of 326036851?
2
What is the millions digit of 250553199?
0
What is the ten thousands digit of 4873900?
7
What is the ten millions digit of 171288305?
7
What is the hundreds digit of 464335845?
8
What is the ten thousands digit of 189606291?
0
What is 